72*z**2 + 7*z - 7. Determine g(-5).
18
Let z(f) be the third derivative of -f**4/4 - f**3/6 + 3*f**2. Let l be ((-3)/(-4))/((-2)/(-8)). Suppose 0 = 3*h - l + 6. Determine z(h).
5
Let t(d) be the second derivative of -d**5/20 + d**4/3 - 2*d**2 + 2*d. Suppose -4*a + 12 = -3*i, 3*i + a = -23 - 4. Let m = i + 11. What is t(m)?
5
Suppose -9 = 3*f - 2*p, -f + 2*p + 11 = -2*f. Let o(s) be the second derivative of s**4/12 + 2*s**3/3 - 3*s**2/2 - 9*s. What is o(f)?
2
Let c = -12 + 14. Let s(f) be the second derivative of -1/2*f**2 + 1/6*f**3 - 2*f + 0. Calculate s(c).
1
Let a be (-1)/2*16/8. Let u(l) = -4*l. What is u(a)?
4
Let n(d) = 2*d**3 - 4*d**2 - 3. Let r be n(3). Suppose -4*t + 2*y + 0 = -2, -3*t - 4*y - r = 0. Let v(j) = 2*j**2 - 1. Determine v(t).
1
Let f(o) = -o**3 - 1. Let u be f(-2). Let z(a) = -2*a + 10. Give z(u).
-4
Let s(a) = -a**2 + 4. Let z = -37 + 34. Give s(z).
-5
Let f(l) be the second derivative of -l**4/12 - 7*l**3/6 + 9*l**2/2 + 23*l. What is f(-7)?
9
Let a(q) = -q**2 - 3*q. Suppose -4*s + 0 + 4 = -4*p, -3*s + 2 = -4*p. Let g be (-1 - (-2 - 9)) + s. Suppose 3*c = 4*i - g, 0 = -c - 4*i - 2 - 2. Determine a(c).
-4
Let l(j) = -3*j**2 + 5*j + 5. Let o(s) = -s**2 + 1. Let f(c) = -l(c) + 4*o(c). Give f(-7).
-15
Let y(i) = -i**3 - 6*i**2 - 5*i - 2. Let b be y(-5). Let q(m) be the third derivative of -m**5/20 - m**4/24 + 5*m**2. Determine q(b).
-10
Let s(n) be the second derivative of -n**6/120 - n**5/20 - n**4/24 - 7*n**2/2 - 3*n. Let y(z) be the first derivative of s(z). What is y(-2)?
-2
Let g = -56 + 63. Let x(k) = k**3 - 6*k**2 - 7*k + 6. What is x(g)?
6
Let q(y) = -y**2 + 7*y - 8. Suppose 2*v - 5*h - 4 - 14 = 0, 2*h = -3*v + 27. Let l be (12/(-18))/((-1)/v). Determine q(l).
-2
Let s(c) = c**3 + c + 1. Let m = 4 + -2. Let n(r) = -r**3 + 4*r**2 - r + 5. Let p be n(4). Let a be m/(-4)*(p - 1). Give s(a).
1
Suppose -3*w = 2*k - 0 - 1, w + 1 = 0. Let j(a) = 9*a + 2 + 4 - a**2 + 2*a**k - 2*a. What is j(-5)?
-4
Let d = 4 + -1. Let f = -39 - -28. Let c(b) = 9*b**2 + 11*b - 5. Let q(a) = -5*a**2 - 6*a + 3. Let m(t) = f*q(t) - 6*c(t). Calculate m(d).
6
Let q be 5/(-2 - -3 - 2). Let v(z) = z + 1. Let c be v(3). Let u(x) = 4*x - 2 + x + 6 - c*x. Determine u(q).
-1
Let g(t) = t**2 + 4*t + 3. Let j = 4 - 7. Calculate g(j).
0
Let p(f) be the first derivative of 1/2*f**2 + 0*f - 1/24*f**4 + 5/6*f**3 - 3. Let d(n) be the second derivative of p(n). What is d(5)?
0
Let x(p) = -1. Let l(f) = 3*f - 4. Let v be l(3). Let a(s) = -7*s + 4. Let h(w) = v*x(w) + a(w). Calculate h(-1).
6
Let r(x) = -x + 2 - x**2 + 2*x - 3. Let i(t) = -2*t**2 + t - 2. Let h(s) = -2*i(s) + 3*r(s). Give h(0).
1
Let t(q) = -q**3 + 4*q**2 + 2*q - 3. Let u = -5 + 9. Suppose 5*y + 0*x = 2*x + 12, -4*y = -5*x + u. Calculate t(y).
5
Suppose -4*u + 3 = -1. Let o be (u/2)/(8/(-64)). Let q be 10/((-1)/2*o). Let y(x) = x**2 - 7*x. Give y(q).
-10
Let t(s) = -s**3 + 4*s**2 - s - 5. Let k = -10 - -17. Let f = k + -3. Give t(f).
-9
Let k(a) = -4*a - 2*a + 4*a + 3*a + 2. What is k(-2)?
0
Let v(p) = -p + 7. Let k be -2 + 7/(7/2). What is v(k)?
7
Let v(h) be the third derivative of h**5/60 - 5*h**3/6 - 5*h**2. Let c(n) be the first derivative of v(n). Calculate c(3).
6
Let w(t) = t**3 - 5*t**2 - 3*t + 5. Suppose -k = -3, -u + 9*k - 4*k = 10. Determine w(u).
-10
Let u(g) = g**2 - g - 3. Let l(z) = z**2 - 2*z - 3. Suppose 7*c - 2*c + 25 = 0. Let b(p) = c*l(p) + 4*u(p). Give b(5).
8
Let y(h) = -5 - 7*h**3 + 5*h + 12 + 8*h**3 - 7*h**2. Calculate y(6).
1
Let x(g) = 4*g + 2. Let b = 0 + -5. Determine x(b).
-18
Let b(u) = -11*u**3 - 2*u**2 - u. Suppose 2*t - 5*t - 4*f + 9 = 0, 5*t - 3*f + 14 = 0. What is b(t)?
10
Suppose 7*r - 4*r - 6 = 0. Suppose 3*k + r*k - 15 = 0. Let a(j) = j**2 - 3*j - 2. Give a(k).
-2
Let y(k) = 0*k + 7 + k + 3. Calculate y(-7).
3
Let y = 19 - 14. Let w(u) be the third derivative of 0*u + 2*u**2 + 0 - 1/24*u**4 - 1/60*u**y + 1/2*u**3. Determine w(-3).
-3
Let u(x) = 5*x**3 - 1. Suppose 0 = k + 2*k - 12. Let p = k - -1. Suppose p*h = 2*h + 3. Determine u(h).
4
Let w be (-6)/15 + 3/(-5). Let s = -11 - -5. Let u be s/4*2/w. Let j(a) = -2*a. Give j(u).
-6
Let q = -13 - -8. Let h(m) = -m**2 + 5*m - 2. Let o be (-16)/(-6) + 4/(-6). Let f(u) = -2*u**2 + 10*u - 4. Let i(b) = o*f(b) + q*h(b). Calculate i(3).
-4
Let b = -7 - -7. Suppose b = 8*q - 10*q - 12. Let k(l) = -l**3 - 7*l**2 - 6*l - 3. Determine k(q).
-3
Let b(p) = p + 1. Let u be 4/(-6) - 52/39. What is b(u)?
-1
Let x(o) = 3*o - 2. Let v(u) = u - u + 0*u + 1 - 2*u. Let d(k) = 7*v(k) + 5*x(k). Suppose 4*h + 4*p - 5 = 3*p, -5*p + 25 = -5*h. Calculate d(h).
-3
Let k(s) = -s**3 - s**2 + 2*s + 2. Let x(y) = y**2 - 4*y - 7. Let z = 4 + -5. Let m = z + 6. Let p be x(m). What is k(p)?
2
Let s(p) = -5*p**3 + 9*p**2 + 8*p - 2. Let f(b) = 11*b**3 - 19*b**2 - 16*b + 5. Let n(l) = -4*f(l) - 9*s(l). Give n(6).
-14
Let n(x) be the third derivative of -1/20*x**5 + 0*x + 0 + 1/120*x**6 + 2*x**2 + 0*x**3 + 1/24*x**4. Calculate n(3).
3
Let n be 10/(-15) - 2/(-3). Suppose 0 = -4*c - n + 4. Let a(o) be the second derivative of 2*o**3/3 - o**2/2 - 2*o. What is a(c)?
3
Suppose 4*h + 0*h - 20 = 0. Suppose h = 4*r - 3*r - 4*z, -r + 2*z = -5. Let n(x) = 5*x + 3 + 0 + 0*x**3 + 2 + x**3 + r*x**2. What is n(-4)?
1
Let s = 174 - 176. Let h(g) = 2*g + 2. Determine h(s).
-2
Suppose -10*d + 5*d - 10 = 0. Let j(o) be the third derivative of -o**4/24 - o**3/6 - 3*o**2. Calculate j(d).
1
Let y be (3 - 5)*(3/(-2))/1. Let z(s) = 7*s. Determine z(y).
21
Let c(d) be the third derivative of d**5/60 - 7*d**4/24 + d**3/2 - 3*d**2. Let y be c(7). Let h(k) = -2*k - 3. Determine h(y).
-9
Let h(c) be the second derivative of 1/12*c**4 + 1/720*c**6 + 0 + 0*c**2 + 0*c**3 + 1/120*c**5 - c. Let y(d) be the third derivative of h(d). Give y(-4).
-3
Let j be 6/(-4)*(-10)/15*-9. Let r(n) = n**3 + 9*n**2 - n. Give r(j).
9
Let i(o) be the third derivative of -o**7/2520 + o**6/720 - o**5/60 - o**4/12 + 3*o**2. Let s(a) be the second derivative of i(a). What is s(-2)?
-8
Let z(l) = 2*l**3 + 7*l - l**3 - 6*l**2 - 2*l**3. Let f be z(-7). Let o(w) = 2*w - 1 + 0*w + f. What is o(3)?
5
Suppose 0*r + 4 = 4*r. Let o(y) = 4*y - 1. Let i(z) = 11*z - 3. Let j(q) = 3*i(q) - 8*o(q). Determine j(r).
0
Let g(y) = -y**3 + y + 2. Let v = 9 + -19. Suppose 5*h = 3*h - 8. Let q be (h/v)/((-4)/(-20)). Give g(q).
-4
Let i = 8 - 4. Let a(d) = -d**2 + 5*d + 2. Calculate a(i).
6
Let j(i) = -1 + 0*i + i - i + 5*i**2. Let n be j(-1). Let z(d) = -d**2 + 1. Calculate z(n).
-15
Let t = 6 + -3. Suppose n = -t + 2. Let w(a) = -a + 2*a - a**2 - 2*a**3 - 2 + 3. Calculate w(n).
1
Let p = 1 + 2. Let b be (-1 + 2)*(2 + p). Let k(m) be the second derivative of m**4/12 - m**3 - m**2 - m. What is k(b)?
-7
Let v(i) = 4 + 14*i + 6 + i**2 + i - 4*i. Calculate v(-7).
-18
Suppose 3*q + q - 8 = 0. Suppose 2*v - 12 = -q*v. Let r(i) = 2*i**2 + 2*i**2 - 4*i + 11*i - v*i**2. Calculate r(-5).
-10
Let z = 38 + -32. Let g(y) = -y**3 + 6*y**2 - y - 1. Determine g(z).
-7
Let c(i) = 4*i - 1. Suppose -3*r = -2*r + 4. Let w be (1 - r) + 9/(-3). Suppose w*v - 11 = -2*v + 3*l, 8 = 2*v - 2*l. Determine c(v).
-5
Let p(f) = -5*f**3 + 4*f**2 + 7*f + 2. Let d(a) = -4*a**3 + 4*a**2 + 6*a + 2. Let m(i) = -6*d(i) + 5*p(i). Let w = -13 + 10. Determine m(w).
-8
Let g(y) = y**3 + 5*y**2 + 6*y + 2. Suppose -4*n = -0*k - 3*k - 32, -5*n + k + 29 = 0. Let w = 76 - 47. Suppose n*c + w = 9. What is g(c)?
-6
Let t(w) = -3*w**2 - 19*w + 8. Let u be t(-7). Let r(h) = h**3 + 6*h**2 + 2*h + 7. What is r(u)?
-5
Let y(o) be the first derivative of -3/2*o**2 - 4*o - 1/3*o**3 + 2. Let q(m) = -m**2 + 3*m + 7. Let g be q(5). Determine y(g).
-4
Let w(a) = 6*a + 1. Let k(c) = -c. Let s(t) = 4*k(t) + w(t). Let l = 27 + -26. What is s(l)?
3
Let h(v) = 8*v - 3. Suppose 0 = -3*q - 12, 6*q - q = -b - 18. Calculate h(b).
13
Let w(o) be the third derivative of -o**4/4 + o**3/2 + 3*o**2. Let t(b) = -b + 15. Let k be t(13). Give w(k).
-9
Suppose -3*k - 4*s = -8, k - s + 2*s = 4. Let p = 7 - k. Let j(c) be the first derivative of 5*c**2/2 + c + 1. Calculate j(p).
-4
Let a(y) = -y**3 - 3*y**2 + 3*y + 4. Let k(q) = q**2 + 5*q + 3. Let t be (-2)/((-4)/12 + 1). Let f be k(t). What is a(f)?
-5
Let u(y) = -2*y - 3. Let b be u(-5). Suppose 0 = -7*c + 2*c - 2*h - b, 4*h + 1 = 3*c. Let p(o